divide 4567825?
False
Does 200 divide 112854?
False
Is 470330 a multiple of 589?
False
Is 35559 a multiple of 579?
False
Is 23 a factor of 51290?
True
Is 891491 a multiple of 273?
False
Is 5532304 a multiple of 676?
False
Is 12 a factor of 846396?
True
Is 30680 a multiple of 104?
True
Is 10 a factor of 575273?
False
Is 192542 a multiple of 119?
True
Does 2 divide 3133514?
True
Is 2145529 a multiple of 9?
False
Does 10 divide 924296?
False
Does 8 divide 18152?
True
Is 1820032 a multiple of 59?
True
Is 90600 a multiple of 40?
True
Does 148 divide 5201164?
True
Is 227 a factor of 107825?
True
Does 8 divide 1711408?
True
Is 1012962 a multiple of 51?
True
Is 1845124 a multiple of 409?
False
Is 17 a factor of 68612?
True
Does 535 divide 12454567?
False
Is 11580238 a multiple of 1950?
False
Is 421 a factor of 14364941?
True
Is 561408 a multiple of 192?
True
Does 25 divide 9699923?
False
Is 13 a factor of 5389570?
False
Does 11 divide 86976?
False
Does 4 divide 746637?
False
Is 284278 a multiple of 16?
False
Is 5643555 a multiple of 5?
True
Is 542464 a multiple of 416?
True
Does 177 divide 1034742?
True
Does 57 divide 100902?
False
Is 13385279 a multiple of 250?
False
Does 29 divide 1005312?
False
Is 2484280 a multiple of 19?
False
Is 14 a factor of 16113076?
True
Does 7 divide 1374247?
True
Is 1383955 a multiple of 43?
True
Is 99465 a multiple of 3?
True
Is 5201898 a multiple of 34?
True
Is 1874100 a multiple of 39?
False
Is 53 a factor of 186303?
False
Is 314847 a multiple of 24?
False
Does 29 divide 745474?
True
Is 225214 a multiple of 19?
False
Does 65 divide 837436?
False
Is 1534185 a multiple of 15?
True
Is 200926 a multiple of 185?
False
Does 32 divide 41510?
False
Does 8 divide 144832?
True
Does 377 divide 3166257?
False
Does 6 divide 558642?
True
Is 21 a factor of 64575?
True
Does 27 divide 399870?
True
Is 1353 a factor of 6238683?
True
Is 132 a factor of 1245288?
True
Does 160 divide 37280?
True
Is 255856 a multiple of 304?
False
Does 22 divide 130621?
False
Is 1293559 a multiple of 670?
False
Is 1541 a factor of 2729111?
True
Is 17 a factor of 69697?
False
Is 47 a factor of 216761?
False
Is 37 a factor of 38221?
True
Does 8 divide 1083736?
True
Does 111 divide 515518?
False
Is 615605 a multiple of 95?
False
Does 21 divide 1950459?
True
Is 18 a factor of 9461149?
False
Does 132 divide 170200?
False
Does 628 divide 1102116?
False
Is 286268 a multiple of 66?
False
Is 938246 a multiple of 37?
True
Is 16 a factor of 612784?
True
Is 3796212 a multiple of 172?
True
Does 6 divide 138740?
False
Is 35245 a multiple of 35?
True
Is 80750 a multiple of 7?
False
Is 1455708 a multiple of 68?
False
Is 5960740 a multiple of 982?
True
Is 538868 a multiple of 662?
True
Is 546720 a multiple of 68?
True
Is 463758 a multiple of 8?
False
Is 79488 a multiple of 3?
True
Is 1525327 a multiple of 59?
True
Does 84 divide 214788?
True
Is 161 a factor of 2722671?
True
Is 14 a factor of 1324779?
False
Is 55 a factor of 47685?
True
Is 8 a factor of 366144?
True
Is 2354 a multiple of 4?
False
Is 124 a factor of 1667411?
False
Is 354460 a multiple of 370?
True
Is 40 a factor of 384560?
True
Is 57 a factor of 35340?
True
Is 10 a factor of 2791430?
True
Is 311 a factor of 2723427?
True
Is 5144 a multiple of 4?
True
Is 3170872 a multiple of 437?
True
Does 23 divide 312984?
True
Is 70470 a multiple of 10?
True
Is 241553 a multiple of 1093?
True
Is 8 a factor of 131769?
False
Is 12099472 a multiple of 61?
True
Is 12523854 a multiple of 14?
True
Is 47 a factor of 3607738?
False
Does 342 divide 357390?
True
Is 130507 a multiple of 5?
False
Does 148 divide 1570576?
True
Is 9 a factor of 100539?
True
Does 15 divide 9962610?
True
Is 611125 a multiple of 125?
True
Does 98 divide 6777974?
True
Does 140 divide 230160?
True
Is 648460 a multiple of 20?
True
Is 190 a factor of 2809017?
False
Is 133636 a multiple of 9?
False
Is 50 a factor of 68488?
False
Is 2977181 a multiple of 363?
False
Does 3 divide 3825?
True
Does 107 divide 391620?
True
Does 17 divide 1141422?
False
Is 23974 a multiple of 81?
False
Is 68368 a multiple of 24?
False
Is 36 a factor of 3309804?
True
Is 25 a factor of 5869150?
True
Is 28966 a multiple of 7?
True
Does 178 divide 67600?
False
Does 120 divide 57360?
True
Is 328 a factor of 19003992?
True
Is 1284436 a multiple of 160?
False
Is 11422775 a multiple of 11?
False
Does 62 divide 104098?
True
Is 24 a factor of 221832?
True
Is 15 a factor of 67542?
False
Is 55 a factor of 329505?
True
Is 450851 a multiple of 41?
False
Is 334254 a multiple of 16?
False
Is 127750 a multiple of 73?
True
Is 13 a factor of 56122?
False
Is 24420 a multiple of 10?
True
Is 95 a factor of 285055?
False
Is 95 a factor of 807378?
False
Does 15 divide 143826?
False
Does 12 divide 10660248?
True
Does 165 divide 197175?
True
Does 9 divide 23042?
False
Is 903 a factor of 3108126?
True
Does 12 divide 12895?
False
Does 33 divide 788172?
True
Is 74592 a multiple of 16?
True
Is 736828 a multiple of 35?
False
Is 1711231 a multiple of 22?
False
Does 110 divide 4885047?
False
Is 216 a factor of 585725?
False
Is 92 a factor of 21528?
True
Is 278896 a multiple of 8?
True
Does 165 divide 344850?
True
Is 9 a factor of 682193?
False
Is 134640 a multiple of 102?
True
Is 96 a factor of 8748192?
True
Is 183 a factor of 941535?
True
Does 283 divide 15750426?
False
Does 59 divide 104064?
False
Is 2426709 a multiple of 104?
False
Is 95 a factor of 189905?
True
Is 14 a factor of 37646?
True
Is 12 a factor of 491170?
False
Is 93 a factor of 3542432?
False
Is 121847 a multiple of 209?
True
Is 8968785 a multiple of 373?
True
Is 32 a factor of 62682?
False
Is 15414 a multiple of 3?
True
Does 604 divide 14525596?
True
Does 24 divide 4078485?
False
Is 2228319 a multiple of 58?
False
Does 6 divide 476910?
True
Is 177 a factor of 34194?
False
Is 2193474 a multiple of 57?
True
Is 10 a factor of 16870?
True
Does 20 divide 222940?
True
Is 12 a factor of 7968432?
True
Does 237 divide 15168?
True
Is 13 a factor of 45682?
True
Is 29 a factor of 2189442?
True
Is 69 a factor of 28980?
True
Does 344 divide 5210912?
True
Does 1395 divide 330029?
False
Does 58 divide 1999325?
False
Does 7 divide 539683?
False
Does 44 divide 124454?
False
Does 541 divide 115233?
True
Does 1218 divide 10567896?
False
Is 304672 a multiple of 16?
True
Is 11 a factor of 19718193?
True
Is 1910125 a multiple of 185?
True
Is 412568 a multiple of 52?
True
Is 1251396 a multiple of 3?
True
Is 82628 a multiple of 14?
True
Does 16 divide 700432?
True
Does 44 divide 30071?
False
Is 16406250 a multiple of 14?
True
Is 1231185 a multiple of 13?
False
Is 115 a factor of 2145325?
True
Does 338 divide 11211032?
False
Does 6 divide 150360?
True
Is 13 a factor of 510471?
True
Is 79958 a multiple of 2?
True
Is 76163 a multiple of 76?
False
Does 109 divide 516931?
False
Does 144 divide 7249453?
False
Is 100 a factor of 1490400?
True
Does 186 divide 20088?
True
Does 65 divide 756685?
False
Is 55 a factor of 2566353?
False
Is 16 a factor of 48478?
False
Is 13642125 a multiple of 175?
True
Is 65382 a multiple of 37?
False
Does 106 divide 234684?
True
Is 56736 a multiple of 16?
True
Is 9595 a multiple of 5?
True
Is 11 a factor of 971157?
True
Does 33 divide 34552?
False
Is 32 a factor of 202614?
False
Does 172 divide 804960?
True
Is 8083623 a multiple of 14?
False
Is 1077768 a multiple of 549?
False
Is 6407244 a multiple of 4?
True
Is 41 a factor of 48233?
False
Is 125166 a multiple of 23?
True
Is 900 a factor of 3133314?
False
Is 63804 a multiple of 78?
True
Is 13 a factor of 8909?
False
Is 2088740 a multiple of 148?
False
Is 4 a factor of 43092?
True
Is 92911 a multiple of 21?
False
Is 1437258 a multiple of 457?
False
Is 19 a factor of 2806642?
True
Is 129 a factor of 96105?
True
Is 13 a factor of 223223?
True
Is 257990 a multiple of 386?
False
Is 9274914 a multiple of 36?
False
Does 25 divide 568590?
False
Does 60 divide 674940?
True
Is 1295 a factor of 4316343?
False
Does 17 divide 161109?
True
Does 60 divide 1656780?
True
Is 125336 a multiple of 17?
False
Is 3950 even?
True
Is 13 a factor of 61100?
True
Is 11 a factor of 428550?
False
Is 5223961 a multiple of 18?
False
Does 16 divide 32112?
True
Does 3 divide 13671?
True
Is 99207 a multiple of 4?
False
Does 12 divide 7